 + -2?
-9
38 - (-43 + 3 + 61)
17
What is (5 - (13 - 6) - -4) + (5 - 11)?
-4
Evaluate 2 - 8 - -9 - 9 - 6.
-12
Evaluate -18 + (15 - 14) - -16.
-1
What is 11 + (1 - -23) + -15?
20
Evaluate (-34 - 0) + (-1 - -25 - (-143 - -161)).
-28
What is 4 - (91 + -98 + (-6 - -2 - -2))?
13
What is the value of -17 + 11 + -2 - -4 - 21?
-25
What is -9 - 4 - (-14 + -16) - -5?
22
Evaluate (-8 - -5 - -1 - 4) + (-7 - -15).
2
-14 - (5 + -8) - -20
9
Calculate -4 + 10 - (4 - 4).
6
Calculate 6 - (-2 + (20 - 2)).
-10
Calculate 14 - (28 - -7) - -26.
5
15 + (5 - 10) - (-1 + -3)
14
What is the value of 0 + -3 - (-52 - (-45 - -24))?
28
Calculate 78 + -38 - (3 - (-9 + 3)).
31
Calculate (-2 - (3 - 9)) + -9 + 3.
-2
What is the value of -724 + 723 + (1 - (-3 + 0)) + -1?
2
What is 5 - (2 + 7 + 0 + -8)?
4
-19 + 25 + (0 + -20 - 1) - -8
-7
Evaluate -18 + -12 + 7 + 11.
-12
Evaluate 0 + 7 + -2 + (-738 - -745).
12
Evaluate -19 - ((23 - 37) + 19) - (1 + -4).
-21
(-7 + 12 - (9 + -13)) + 21
30
What is 16 + (7 + -49 - -17)?
-9
Evaluate 12 + -11 + -6 + 8.
3
What is the value of -6 + (-3 - 0) + 52 + -39 + -1?
3
175 + -163 - (6 - -4)
2
-5 - ((2 - 3) + -3 + -3)
2
Evaluate -2 + -7 + (0 - 8) + 3.
-14
Evaluate 552 + -559 - (-2 - (-6 + 1)).
-10
What is the value of 0 + 9 - 0 - (-5 + 0)?
14
Evaluate -12 + -7 + -5 + 4.
-20
What is -2 - (13 + (2 - 17))?
0
What is the value of 3 + (-6 - 0 - 2 - -7)?
2
Evaluate -22 + (3 - -18 - 22).
-23
What is 1 + -1 + (45 - 42) + -5?
-2
What is the value of (-5 + 2 - (4 - 23)) + -7?
9
What is the value of -9 + (-3 - -6) + (2 - (-15 - 1))?
12
Calculate -4 - ((16 - 6) + -25).
11
-8 + (-6 + -7 - -33)
12
-5 + -8 + 2 - (-7 + 3 - -2)
-9
Evaluate 0 + -42 + 44 - (-20 + 2 + -4).
24
Evaluate (-17 - -17) + 11 + 0.
11
Evaluate 9 + 1 - (-6 - (-9 - 4)).
3
What is the value of 3 - 1 - (-11 + (5 - -12))?
-4
Evaluate 10 + -5 + -21 + (-6 - -39).
17
Evaluate (-4 + -2 - (17 - 21)) + -13.
-15
What is 3 + (-5 - -1) + -4 + 13 + -1?
7
Calculate (10 - -3 - 2) + (-91 - -99).
19
(49 - 19) + -67 - -10
-27
Evaluate -9 + (0 - -13 - ((-2 - -16) + -17)).
7
Calculate -15 - -21 - (0 - (-2 + 8)).
12
What is 9 + (-3 - 12 - -18)?
12
What is 24 + (25 - 33 - (0 - 3))?
19
Calculate -1 - (-12 - (-4 - 8)).
-1
4 + (-4 - -6) - (4 + 9 + 0)
-7
Evaluate -1 + -1 + 2 - (-21 + (-1 - -29)).
-7
What is -7 + 5 + 0 - (-2 + -2) - -6?
8
-3 - (7 + (2 - 10) - (1 + 4))
3
Evaluate -116 + 133 + (2 - 27).
-8
Calculate 9 - (-16 - (-21 - -30)).
34
Evaluate -6 - -2 - (-11 + 17) - (-2 + 3).
-11
Calculate -10 + (3 - 4 - 2 - -2 - -2).
-9
Evaluate 6 + 7 + -1 + -10.
2
What is the value of (-13 - 6) + -4 - -26?
3
What is the value of 1 + (30 - 32) - 5?
-6
(-21 + 18 - (9 - 0)) + 1 + 0
-11
What is the value of 6 - (2 + -5 + (-1 - -4))?
6
2 - 11 - -10 - 14
-13
Calculate (1 - 1 - -7) + (-19 - (-3 - 11)).
2
Evaluate 2129 + -2100 - (50 + -1).
-20
What is the value of 7 + 16 - -3 - (-4 + -4 + 8)?
26
Evaluate (-1 - -25) + (-940 - -911).
-5
What is 4 + -34 + 11 - -48?
29
Calculate (3 - (21 + -4) - -7) + 1 - 6.
-12
-58 + 61 - (-2 + -10)
15
What is -25 + 23 + (0 - 1)?
-3
-2 + 7 + -5 - 3
-3
What is the value of (5 + 3 - (1 + (-13 - -5))) + -6?
9
-17 + (-6 + 12 + -6 - 5)
-22
(2 - (19 + -18 + 5)) + 3
-1
What is the value of -7 + -1 + ((-12 - 29) + 25 - -23)?
-1
Evaluate -132 + 137 + -1 + 8.
12
What is the value of 25 + -31 + -3 + 12 - 23?
-20
What is the value of 0 + 2 + 4 + 11 + -6?
11
What is (2 - ((8 - 4 - -5) + 5)) + 3?
-9
What is the value of 5 + (-3 + 0 - 4) + 4?
2
Evaluate 34 + ((8 - (-4 - -10)) + -19 - -8).
25
Evaluate 16 - (0 - (10 + -10) - -6) - 12.
-2
-29 + (12 - (-28 - -35))
-24
Evaluate -770 + 790 - (-1 + (0 - -1)).
20
19 + (2 - 12) - -7
16
What is -57 + 59 + 9 + -4?
7
What is the value of -3 + (9 - (-16 - -11))?
11
Calculate (-17 - -5) + 17 + -1.
4
Evaluate -13 - (-20 - -6 - 0).
1
-38 + 31 - (0 - (-2 + 1)) - -24
16
What is the value of 15 - ((-10 - -21) + 1 + -4)?
7
What is 48 - (72 - 27) - (-1 - 0)?
4
1 - (1 + (10 - 27) + 28)
-11
Evaluate -6 + 2 - (203 - 198).
-9
Calculate (1 - (0 - 0)) + (135 - 62 - 55).
19
(-13 - 1) + 12 + -2
-4
What is 21 + 1 + -15 - -13?
20
Evaluate 30 + (-12 - -7) - 20.
5
Evaluate 39 + -19 - 9 - (-1 - (8 - 1)).
19
Calculate -11 + 10 + 1 + (3 - 14).
-11
Calculate 3 - 12 - (-30 - (-3 - (2 - -3))).
13
What is -4 - 7 - (-29 + 12)?
6
-10 - (25 + (23 - 42))
-16
What is 14 + 3 + 1 + 8 + -18 + 2?
10
43 + -1 + (216 - 243)
15
(33 - 11) + (-6 - 0) + 4
20
Calculate 7 + -9 + 6 + 3 - 11.
-4
What is 15 - (-15 + (17 - -1) + (-5 - -1))?
16
What is the value of (16 - (-27 - -31)) + 8 + -2?
18
What is (-3 + -3 - 0) + -15 + 31 - 1?
9
(-3 - (-3 + -30)) + (3 - (-3 - -1))
35
What is -1 + 1 - (-13 - (6 - 14) - -5)?
0
Evaluate -18 - (-18 + -7 + 13).
-6
120 + -110 - (0 - 0 - -24)
-14
Evaluate (16 - (1 - -9)) + -9.
-3
(13 + 3 - 7 - 13) + 3
-1
(0 - 7) + -9 + -10 + 23 - 7
-10
Evaluate 14 - (-35 - -47 - (-4 + 13 + 1)).
12
Calculate 9 - 15 - (-3 - -4 - -10).
-17
What is the value of 12 - (-1 - (-1 - -3) - (-240 + 234))?
9
What is 6 - 1 - ((0 - -18) + (-43 - -48))?
-18
Evaluate 2 + -2 - -2 - (-28 - -11 - -5).
14
1 - (-5 + -2 + 1 + -4 - -1)
10
What is 7 - ((7 - (10 - -3)) + 11)?
2
What is the value of (-5 - -20) + -21 + -10?
-16
What is 6 + -1 + (13 - ((3 - -9) + 0))?
6
What is the value of 3 + -2 + 14 + 1 - (154 + -158)?
20
Evaluate 10 + (9 - 3) + -2.
14
Evaluate -5 + (-4 - -37) + -2 + 21 + -30.
17
Evaluate (-12 - -7) + 11 + 13 + -7 + -1.
11
(0 - -1) + 10 + 7 + -4
14
What is 2 + (-1 - -4) + (169 - 191)?
-17
What is the value of (21 - (3 + -3) - (4 - -1)) + -3?
13
Evaluate (9 - 8) + -18 + 5 - (1 + 4).
-17
Calculate -2 + 6 + -1 + -4 + -4.
-5
Evaluate (2 - (-1 + (-8 - -13))) + 0 + -1.
-3
What is 11 + (2 - -9 - (-3 - -19))?
6
(17 - 30) + -4 + 20
3
(-10 - -2) + -12 + 3 + (12 - 11)
-16
What is the value of 3 - (10 - 4) - (1 - (-4 + -2))?
-10
What is the value of -28 - (-10 + (-6 - -2 - (2 - 13)))?
-25
Calculate -12 + 3 - (-31 + 1).
21
What is the value of -7 - (-4 + (7 - -1) - 6 - -2)?
-7
What is -7 - (-6 + 3 + 4) - 9?
-17
What is (55 - 17) + -15 + -38?
-15
Calculate 5 + -7 + -24 - -45.
19
What is 4 + (15 - 23) - (5 + 2 + -41)?
30
Calculate -5 + -40 + 21 + 23.
-1
What is the value of (27 - 69) + 40 + (1 - 0 - 10)?
-11
Calculate -83 + 35 - (-29 - -5).
-24
Calculate (0 - -2) + -6 + (-12 - -21).
5
Evaluate (10 - 22 - -43) + -54.
-23
What is the value of 6 + -6 - (-1 + (-2 - 10)) - 0?
13
Evaluate -9 - (-9 + 9 + -5) - (-2 - -10).
-12
Evaluate (-17 - (-7 + 21)) + 12.
-19
Evaluate -8 - -15 - (-9 + 9 - 7).
14
What is the value of 7 + -8 + 16 - (-7 - -9)?
13
What is the value of 23 + -30 + -3 - (-1 - (0 - 0))?
-9
Calculate 3 + 3 + 0 + (67 - 66).
7
What is the value of -1 + 7 + 31 + -37 + -7?
-7
What is the value of 16 + -11 + -1 + (180 - 218)?
-34
3 - 10 - (4 + -5 - (-1 - 2))
-9
Calculate 8 + 0 + -3 - (-33 - -38).
0
-2 - (10 - (10 - -11) - 7)
16
Evaluate (3 - (-27 - -13)) + -11.
6
Calculate (3 - 1) + 12 + -10 + 0 + 1.
5
Calculate 4 + (-12 - (10 + -14)).
-4
What is the value of -1 + -49 + -355 + 367?
-38
1 - (-9 + -4 + 4 + 7 + -19)
22
16 + -2 - (4 + 7) - (1 - 5)
7
16 + -1 - (-18 + 6 + 19)
8
What is the value of 1 + 12 - (-9 + 0 - (-49 + 36))?
9
What is the value of 7 + (-155 - -146 - (-1 - 11))?
10
Calculate (-2 - -1) + (13 - 18 - -8 - 2).
0
What is the value of 7 - -3 - -5 - 45 - -9?
-21
Calculate -14 + (-18 - -28) - (0 - 9).
5
What is -2 + 13 + (-6 - -4) + -1 + -1?
7
What is the value of 31 + -5 + -8 - (0 + -1 - -5)?
14
Calculate 13 + -12 + 0 + 2 + -10.
-7
(5 - -10) + -16 + -15
-16
(-36 - -14) + (-10 - -29)
-3
What is the value of 13 + (9 + -15 - -10) + -7?
10
(-31 - -20) + (1 - (1 - 3))
-8
What is -7 - 0 - ((67 - 75) + 7 + 7)?
-13
-5 - (13 - 5 - 7 - 12)
6
What is the value of -24 - (-2 - (-10 - (-11 + -6)) - 1)?
-14
What is the value of 5 - ((-11 - -59) + -82)?
39
What is the value of (-7 - (5 - 0)) + 15?
3
Evaluate 17 + -17 - (9 - 16).
7
What is the value of 10 + -18 + 14 + -3 + -2 + 15?
16
Evaluate (-12 + 9 - (7 - 5)) + 8.
3
Calculate -4 + (1 - -3) + 7 - 1.
6
44 + -56 + (-1 - (-2 + -3))
-8
(9 + 10 - 22) + -14
-17
What is 6 - (4 + (-13 - -1) - (0 - 11))?
3
What is (-8 - ((-12 - -3) + 0)) + (-12 - -4)?
-7
Calculate -3 - 17 - (-17 + 7).
-10
(2 - (7 - 12)) + -8 + 38 + -7
30
What is the value of 3 + 2 + 4 + (8 - -9) + -10?
16
What is -1 - 13 - (-153 - -136